 common divisor of p and j?
23
Let a(k) = -19*k - 28. Let t be a(-5). Suppose 2*f - h = 20, 5*f + 6 = -3*h + t. Calculate the highest common divisor of 1 and f.
1
Let p = 442 + 146. Suppose -11*c = -8*c - p. What is the greatest common factor of 49 and c?
49
Suppose 1867*z = 1870*z - 36672. Calculate the greatest common divisor of 8 and z.
8
Let c(x) = 2*x**3 + x**2 - x - 3. Let y = 587 + -585. Let v be c(y). Calculate the highest common factor of v and 33.
3
Suppose 3*p + p - 12 = 0. Suppose -860 - 2794 = -42*q. What is the greatest common factor of q and p?
3
Let k = -2017 - -2030. What is the greatest common factor of k and 4927?
13
Let o(d) = -470*d + 9018. Let i be o(19). What is the highest common factor of 33704 and i?
88
Suppose -2*l = -3*l + 650. Let h be -5*(-21 + (-600)/(-30) + 3*-3). Calculate the greatest common factor of l and h.
50
Let u be (6/45*335)/(((-30)/(-9))/10). What is the greatest common factor of 5963 and u?
67
Suppose -4205 + 609 = -4*r. Calculate the highest common factor of r and 667.
29
Let f = 5 + 224. Suppose -3*s + 5*u + 173 = 0, 3*u + f = 4*s + 13. What is the greatest common factor of 51 and s?
51
Let x = -50 - 3. Let b be 1 + -4 + -5 + 7 - x. What is the greatest common divisor of 416 and b?
52
Let r = 1039 - -982. Calculate the greatest common divisor of 47 and r.
47
Let f be (-1)/((6/76)/(-3)). Let t be 1512/(-112)*(-456)/36. Calculate the highest common divisor of f and t.
19
Let w be ((-24)/27)/((-2)/9). Suppose 5*f + 4*l + 24 = 75, -w*f - l + 43 = 0. What is the greatest common divisor of f and 44?
11
Let v be (-191 + -1)*(-11088)/594. Calculate the greatest common divisor of v and 504.
56
Suppose -5*s + 154 = -u, 4*s + 23 - 147 = u. Let y be (15 - 8)*(-48)/(-14). Let m be -1 + y/20*570/9. Calculate the greatest common divisor of s and m.
15
Let q(c) = -7574*c - 289. Let g be q(-1). Calculate the highest common divisor of 141 and g.
47
Suppose 8*c - 2*o - 33358 = 0, -4*c = -4*o - o - 16659. What is the highest common divisor of 679 and c?
97
Let k be (-6 + 5)*(5 - -46). Let m be (2288/6)/(-4)*k/34. Calculate the greatest common divisor of 13 and m.
13
Let z(v) be the third derivative of v**4/2 - 67*v**3/6 - 73*v**2. Let s be z(6). What is the greatest common factor of 35 and s?
5
Suppose 14*o - 16*o + 288 = 0. Let r(i) = -i**3 - 3*i**2 + 5*i + 16. Let f be r(0). Calculate the greatest common factor of f and o.
16
Suppose 272 + 2553 = 55*q - 3445. Calculate the greatest common factor of 132 and q.
6
Suppose q - 2*n - 11 = 0, -15 = -5*q + 2*n - 0. Let j be -3 + q + (-2 - (1 + -30)). Calculate the greatest common divisor of 75 and j.
25
Suppose -3*r + 2*r + 7 = 0. Let t = -1241 + 1253. Let a be 4*603/324 + t/(-27). What is the greatest common factor of a and r?
7
Suppose -14*n = -17*n + 135. Suppose n = -12*b + 15*b. Suppose 0 = 4*r - r + 2*k - 319, 204 = 2*r - 3*k. Calculate the greatest common divisor of r and b.
15
Suppose 0 = -0*w - 5*w + 900. Suppose 3*t + w = 2028. What is the greatest common divisor of t and 77?
77
Suppose 0 = 259*y - 258*y - 60. Let b be (-392)/(-10) + (-12)/y. Calculate the greatest common divisor of 26 and b.
13
Let t(z) = 630*z + 1171. Let v be t(10). Calculate the highest common divisor of 62 and v.
31
Let y be (54 + 3 + 1)/(-2). Let j = y + 27. Let g be (j/8)/(3/(-12)). Calculate the highest common factor of 7 and g.
1
Let c be 12 - (-96 - (-256)/16). Suppose -4*m = -3*h - 98 - 460, 3*m + h = 412. What is the greatest common divisor of c and m?
46
Let v = -4189 - -4259. What is the greatest common divisor of 1390 and v?
10
Suppose 8*d - 14*d = -156. Suppose -3*w + 29 = d. Let t be (-15 - -9)/(3*w/(-44)). Calculate the highest common divisor of t and 8.
8
Suppose -67 = -5*l + 78. Suppose 31 + l = 6*p. Let b be 2/(-5) + 154/10. Calculate the highest common divisor of p and b.
5
Suppose 3*k - 47 = 3*c - 26, 0 = -3*c - 9. Let b = -13 - -20. Calculate the greatest common factor of b and k.
1
Let a = 112 + -54. Suppose -2*s - 12 = -a. Calculate the highest common factor of s and 184.
23
Let r = 48 + -24. Let d be -3 - (-33 + 34)/((-2)/478). Let k = 252 - d. What is the greatest common factor of r and k?
8
Suppose 34760 - 43804 = -17*x. What is the greatest common factor of x and 280?
28
Suppose -5*v + 1096 = 16*l - 20*l, 3*l + 1092 = 5*v. Let z = v - 192. What is the highest common divisor of 48 and z?
24
Let o = 6 - 5. Suppose 7*f - 9*f = -2*i - 6, 5*f + 3*i - 31 = 0. Suppose -5*j + 34 = 3*u, -u = -3*j + 17 - f. What is the greatest common factor of j and o?
1
Let z(w) = -98*w - 478. Let r be z(-6). Let h be 1/(-2) - 182/(-4). Let k = r - h. Calculate the highest common divisor of 26 and k.
13
Let t = 274 + -271. Let r be (-1 + -1)/((-5)/5) + 10. What is the greatest common divisor of r and t?
3
Let l(z) = 1024*z - 797. Let k be l(5). Calculate the greatest common factor of k and 132.
33
Let n be (-26)/((-5125)/300 + 17). Let s be (-4)/(-12) + 430/6. Calculate the highest common factor of s and n.
24
Let o be 2/(-6) - (-65)/(-39). Let v be ((-48)/(-2))/(o - (-16)/6). Suppose -4*u = -92 - v. What is the highest common factor of 8 and u?
8
Let r = 806 + -764. Let o be 48/(r/(-11) - -4). Calculate the highest common divisor of o and 8.
8
Suppose 18*g = 14*g. Suppose 0 = -4*m + u - 0*u + 205, g = -u - 5. Let o be m + -3 + -1 + -3. Calculate the greatest common factor of o and 301.
43
Let t be 99 - (3 - 2) - (-40)/(-8). Suppose -5*n - 116 = -3*i, -t + 348 = 5*i + 4*n. Calculate the highest common divisor of 94 and i.
47
Let u = 16946 - 16446. What is the highest common divisor of u and 10?
10
Let v(j) = j**3 + 10*j**2 + 11*j - 17. Let r be v(-6). Let c = 74 - r. Calculate the highest common divisor of c and 91.
13
Let z = -4709 + 5234. What is the greatest common factor of 1680 and z?
105
Suppose 2*b + 66 = 4*b. Let d(x) = -x**3 + 22*x**2 - x - 79. Let n be d(21). What is the highest common factor of b and n?
11
Let j = 96 - 81. Let y be (2 + -4 - -3)/((-2)/(-12)). What is the highest common factor of j and y?
3
Suppose 1613*b - 1645*b = -20736. Calculate the highest common factor of b and 1656.
72
Let l(o) = 2*o**3 - 11*o**2 - 7*o - 1. Let m be l(6). Let w be ((4 + m)/(-1))/(6/1118). What is the greatest common factor of 13 and w?
13
Let s = 0 - 36. Let f be 1/((-8)/514) - (-27)/s. Let c be ((-1)/((-10)/6))/((-1)/f). Calculate the highest common divisor of c and 26.
13
Let h be (1 - (6 + -381))*(-3)/(-12). Suppose -h*z = -82*z - 252. Calculate the highest common divisor of z and 609.
21
Let j(o) = o**2 + 4*o - 2. Let k be j(-6). Let d(g) = -79*g - 151. Let w be d(-2). Suppose -w*l + 252 = -868. Calculate the greatest common divisor of l and k.
10
Suppose -33*w + 432 = -6*w. Calculate the highest common factor of 4032 and w.
16
Suppose 42*u - 151998 = -52*u. Calculate the highest common factor of 441 and u.
147
Let v(b) = -954*b + 2922. Let z be v(3). Calculate the greatest common divisor of 3990 and z.
30
Let m = 9900 + -9880. Calculate the highest common factor of 430 and m.
10
Suppose -2*j - 82 = -j. Let t = 13 - j. Calculate the greatest common factor of t and 19.
19
Let t = 394 + -359. Suppose -5*w + 138 = -w - v, 2*w = 4*v + 62. Calculate the greatest common divisor of t and w.
35
Let i = 206 + -215. Let h be -3*(-12)/i*(-80)/5. What is the highest common divisor of h and 12?
4
Suppose -21*u - 7501 = -20560 - 8235. Suppose 0 = -2*d - d + 78. What is the highest common factor of u and d?
26
Let y(k) = -k**2 - 16*k - 24. Let z be (-2)/14 + ((-83)/7 - 2). Let g be y(z). What is the highest common factor of g and 6?
2
Suppose -3*y + 161 = 2*q, 5*y + 3*q - 5*q - 263 = 0. Suppose 2*u + 2330 = 4*t, t - 5*u - 2 - 576 = 0. What is the greatest common factor of t and y?
53
Let w(h) = -h**2 - 13*h - 27. Let n be w(-7). Let m be n - (3 + 0/(-5)). What is the greatest common divisor of m and 84?
12
Suppose -51*u - 1210 = -5851. What is the greatest common factor of u and 247?
13
Suppose -10*d + 9*d + 3*p = -469, 2377 = 5*d + p. Calculate the greatest common divisor of 225 and d.
25
Let w be 5/((-5)/(-242))*1 - (5 + -7). What is the greatest common divisor of 58 and w?
2
Let q be ((-4)/(-8) - 38299/(-18)) + 2/(-9). What is the highest common factor of q and 336?
112
Suppose -g - 4*g = 255.